 Let x be q(5). Let r be (-3)/x*-8*4. Calculate the greatest common divisor of r and a.
8
Suppose 4*y - 39 = y. Let b be (1 - -1)/(1/26). Calculate the greatest common factor of b and y.
13
Suppose -2*z + 38 = 4*o - z, o - 19 = -5*z. Let s = -74 - -146. What is the highest common factor of o and s?
9
Let j be (38/19 - (-135 - 1)) + -3. Calculate the greatest common factor of j and 15.
15
Let w(k) = k**3 - 8*k**2 + 8*k - 7. Let a be w(7). Suppose a*g + 12 = 2*g. Let v(l) = l - 3. Let b be v(g). Calculate the highest common factor of b and 33.
3
Suppose 3*w + 5*b + 3 = -0*w, 0 = -3*w - 4*b. Suppose w*s - 2 - 46 = 0. What is the highest common divisor of s and 108?
12
Suppose 0 = -2*p - n + 9, 5*p - 1 = -2*n + 19. Suppose l - 32 = -4*b, -3*l + 0*b - p*b = -46. What is the greatest common divisor of l and 3?
3
Let n = -10 - -12. Suppose 0 = -i - 4, 6*d = d + 5*i + 20. Suppose -n*j = 3*j - x - 128, -j - x + 28 = d. Calculate the highest common divisor of j and 65.
13
Let x(y) = 2*y - 1. Let b = 7 - 6. Let n be x(b). What is the greatest common factor of 8 and n?
1
Let w be 2/(1 - (2 - -1)). Let x be (-6 - 3)/(-3)*w. Let b be (0 + x)*-3 + 1. Calculate the greatest common divisor of 20 and b.
10
Suppose 5*n - 55 - 35 = 4*t, -5*n - 5*t = -135. Calculate the greatest common divisor of 11 and n.
11
Suppose -r + 16 = 3. Calculate the greatest common divisor of 65 and r.
13
Let h be 4*-5*11/(-22). Let i = h + 4. Calculate the greatest common divisor of i and 7.
7
Let a = -146 + 178. Calculate the greatest common factor of 48 and a.
16
Suppose 39*y - 41*y = -460. Calculate the greatest common divisor of 10 and y.
10
Suppose -7 = -k - 2. Suppose 0 = -m + 5*m - 20, k*a - 4*m = 15. Calculate the highest common factor of 7 and a.
7
Let k be 2 + 0 - (-4 + 2). Suppose d + 53 = 5*d - 5*l, -k*l = -d + 16. What is the greatest common divisor of d and 132?
12
Let v be 27 + (6 - 1) + -4. Let p be 3*7 + -1 + 1. Let y be 2*4/(4/p). Calculate the highest common divisor of y and v.
14
Suppose -p + 7 = 2*m, 2*p - m - 4*m - 5 = 0. Suppose 4 = -p*b + 144. Calculate the highest common factor of 4 and b.
4
Suppose 5*u + 16 = 3*s + s, 5*s - 2*u = 20. Calculate the highest common factor of s and 44.
4
Suppose -5*q + 28 = -p, -4*p = -2*q + 6*q - 8. Suppose q*o = -3*d + 215, 2*o + 3*d + 0*d - 95 = 0. What is the greatest common factor of o and 8?
8
Let o(i) = -4*i**2 + 6*i - 1. Let g be o(6). Let h = g - -189. Suppose -h = -5*j + 3*j. What is the highest common factor of j and 5?
5
Let g(k) = -21*k + 2. Let j = -2 - 0. Let l be g(j). What is the highest common factor of 4 and l?
4
Let z(u) = u**2 + 2*u - 3. Let w be z(-4). Let n(o) = -o**2 - 10*o - 9. Let j be n(-7). Let t = j + w. Calculate the highest common factor of 17 and t.
17
Let g(n) = -6*n. Let h be g(-8). What is the greatest common divisor of h and 120?
24
Let w = -23 + 103. Suppose 192 = 11*c - 5*c. What is the highest common factor of w and c?
16
Suppose -8*k - 2*x - 14 = -3*k, 10 = -5*x. Let c be 21/2 + k/4. Let i be 78/4 + 4/8. Calculate the highest common divisor of i and c.
10
Let w = 1 - 1. Suppose y + w*y = 0. Suppose 2*d - 7 + 1 = y. Calculate the greatest common divisor of 3 and d.
3
Let l be (-1 + 1 - -32)*5/10. Calculate the greatest common factor of l and 176.
16
Let z(c) = c**2 + 10*c - 11. Let g be z(6). Calculate the highest common divisor of 34 and g.
17
Let c be ((-280)/(-25))/((-3)/(-15)). Calculate the highest common factor of 14 and c.
14
Let j be 18/((-44)/(-32) + -1). What is the greatest common factor of 12 and j?
12
Let i be (-2)/(-4)*(-40 + -2). Let k = i - -39. Let a(z) = z**3 - 7*z + 6. Let b be a(6). What is the highest common divisor of b and k?
18
Let o = -54 + 118. Suppose -2*n = 10, -c - 4*c + 20 = n. Suppose 0 = c*i - 0*i - 40. Calculate the greatest common factor of o and i.
8
Let h(z) = -31*z + 14. Let k be h(-7). Suppose 8*c - c = k. Calculate the greatest common factor of c and 11.
11
Suppose 5*k - 5*z = 2*k + 24, 0 = -z. What is the greatest common factor of 2 and k?
2
Suppose 4*u + 2*p = 4*p + 1544, -2*u + 4*p + 766 = 0. Calculate the greatest common factor of 43 and u.
43
Let x(o) = o**2 - 3*o - 2. Let q be x(4). Suppose q*s = 3*f - 0*s - 60, 0 = -5*s. What is the greatest common factor of 10 and f?
10
Suppose -4*v + 0*v = -2*m - 52, m = -2*v + 34. Suppose 3*s = 2*s - 238. Let i be s/(-8) + (-1)/(-4). Calculate the highest common factor of i and v.
15
Suppose 0 = -13*r + 14*r - 30. What is the greatest common factor of r and 20?
10
Suppose -29 = -4*n + 15. Let x(l) = l + 13. Let s be x(-9). Suppose -s*r + 17 + 27 = 0. What is the highest common factor of n and r?
11
Let u be 3 + -3 + -2 + 2. Suppose u*w = 5*w - 10. Let z = 12 - w. What is the highest common factor of z and 15?
5
Suppose -3*d = -4*d - 8. Let c be d/(-3)*(-42)/(-8). Calculate the greatest common factor of 14 and c.
14
Suppose p + 11 = -4*d + 4, -p - 6 = 3*d. Let v be 7 + (4/d - -2). Calculate the highest common factor of 20 and v.
5
Let t be -4*-11*(3 + -1). Suppose 36 = -0*p + 4*p. Let j = p + -1. Calculate the highest common divisor of j and t.
8
Let i be (-16)/(-24) - 56/(-6). Calculate the highest common factor of 50 and i.
10
Let g(n) = -7 - 3*n + 7*n**2 + 0*n - 6*n**2. Let u be g(10). Calculate the greatest common divisor of 9 and u.
9
Let s = 51 + -48. Let p be ((-21)/(-2) + 0)*2. Calculate the highest common divisor of p and s.
3
Let t = -25 - -26. What is the greatest common divisor of t and 3?
1
Suppose 2*p = 3*z + 1, 3*p = -4*z - 0*p - 24. Let t be (9/z)/(6/(-14)). What is the highest common factor of t and 14?
7
Let d be 31 - (0 + (1 - 4)). Suppose -5*u - 3*w + d = -1, -3*u + 45 = -3*w. What is the greatest common divisor of 80 and u?
10
Suppose -4*q = -2*q - 16. Let j(n) = -n**3 - 5*n**2 + 1. Let x be j(-5). Calculate the highest common divisor of q and x.
1
Let m be (-9)/3 - (0 + 0). Let a be 1/(0 + m/3). Let i = a - -9. Calculate the greatest common divisor of i and 40.
8
Suppose -2 = o - 4. Suppose o*b + b - 60 = 0. Suppose 0 = 5*y - 4*k - 32 - 22, 0 = 5*y - k - 51. Calculate the highest common divisor of y and b.
10
Let q be -1*34/(-2)*1. Let m(l) = -l**3 + 5*l**2 - l + 5. Let r = -3 + -1. Let s be m(r). What is the highest common divisor of q and s?
17
Let j be (-3 - (-7)/3)*-24. Let f be 12/(-42) - j/(-7). Suppose 4*i = -3*s - f*s + 50, 0 = 5*s + 10. What is the greatest common factor of i and 75?
15
Let h(l) = l**2 + 3*l - 7. Let j be h(-5). Suppose 0 = -7*x + j + 11. Calculate the greatest common divisor of x and 8.
2
Let t be 2 - (3 - 4)*6. Suppose 3*s = t + 4. Calculate the highest common divisor of s and 8.
4
Let i be 52/(-3) + (-2)/(-6). Let c = -5 - i. What is the greatest common factor of c and 48?
12
Let w(n) = -n**2 - 30*n + 3. Let o be w(-13). What is the greatest common divisor of 28 and o?
28
Let h = 53 - 23. Suppose u + 18 = -2*u. Let w = 26 + u. What is the greatest common divisor of w and h?
10
Suppose 4*y - 4*g = 3*y + 73, -y - 2*g = -91. Let w be (1 - -1)*1 + 15. Calculate the greatest common divisor of y and w.
17
Let p be (-15 - -13)*(-66)/4. Calculate the greatest common factor of p and 3.
3
Let i be (-4 + 2)*(-4)/2. Let h be -5*(18/(-15))/1. Suppose -p = -0*p - h. Calculate the highest common divisor of i and p.
2
Let t = -43 - -45. What is the highest common divisor of t and 2?
2
Let l = 104 + -4. What is the greatest common factor of 75 and l?
25
Let c be (-2 + 11)/((-1)/(-3)). Calculate the greatest common factor of c and 54.
27
Suppose -2*g - 22 = -3*g. Let l = 26 + g. What is the greatest common divisor of l and 16?
16
Suppose 0 = 3*i - k - 1, -i = -2*k + 5*k + 3. Suppose i*g - 69 = -3*g. Calculate the greatest common factor of 69 and g.
23
Let u(n) = 7*n + 71. Let g be u(-8). Calculate the highest common divisor of 60 and g.
15
Let s be 1/((-4)/30)*-2. What is the greatest common factor of s and 30?
15
Let s = 27 - 13. What is the highest common factor of 98 and s?
14
Suppose -5*b + 30 - 5 = 0. What is the highest common divisor of b and 40?
5
Suppose -5*j + 15 = -0*j. Suppose 0*z = -4*m - 2*z + 6, -j*m = -5*z + 15. Suppose 12 = l - m*l. What is the highest common divisor of 4 and l?
4
Let g(y) = -3 + 6 - 1 - y. Let l be g(-3). Suppose 0 = l*j - 420 - 75. Calcula